mainder when (-1425)/(-33) - 6/33 is divided by h.
13
Let p(o) = -o**3 - 446*o**2 + 2*o + 0*o + 6 + 453*o**2. Calculate the remainder when 495 is divided by p(4).
61
Suppose -136*d + 15 = n - 137*d, 0 = -5*n - 3*d + 123. Calculate the remainder when 9406 is divided by n.
19
Let t be 2/5 + (3 - 286/(-10)). Suppose 31*y - t*y = -46. Calculate the remainder when 89 is divided by y.
43
Suppose 59*a + 251 - 1462 - 677 = 0. What is the remainder when 112 is divided by a?
16
Suppose 3*v = -3*d + 54, -2*d + 5*d = -2*v + 31. Let l(w) = w**3 - 39*w**2 + 172*w - 4. What is the remainder when v is divided by l(5)?
5
Suppose 7*k - 214 + 60 = 0. Let t = k - 13. Calculate the remainder when (1 + t/(-15))*95 + 0 is divided by 14.
10
Suppose 0 = -5*l - 3*i + 20126, l - 4198 = i - 168. Calculate the remainder when l is divided by 24.
19
Let p = 3120 - 3100. Calculate the remainder when (6 - 2)/(6/93) is divided by p.
2
Suppose 3429 = -13*o + 4547. Let b(a) = -3 + a - 5*a + a - 2. Calculate the remainder when o is divided by b(-9).
20
Let k(d) = 2748*d + 8389. Suppose -8 + 47 = c. Calculate the remainder when k(-3) is divided by c.
28
Let u(b) = -13*b - 111. Suppose 0 = 5*l + 5*t + 45, -5*l + 15 - 66 = -t. Suppose 5*q - 40 = -10. Calculate the remainder when u(l) is divided by q.
1
Suppose 4*m - 36*m + 3712 = 0. Let k = m + -22. Let s = 69 - 37. Calculate the remainder when k is divided by s.
30
Suppose 69*o - 12 = 71*o. Calculate the remainder when 2 + 2/o*-111 is divided by 19.
1
Let w = 524 + -521. Suppose 2120 = 5*y + w*y. Calculate the remainder when y is divided by 38.
37
Suppose -n + 16 = 7*n. What is the remainder when -4*n/(-4) - (-83 + -21) is divided by 18?
16
Suppose 0 = -3*w + 5*p - 44 - 109, 123 = -3*w - 5*p. Let d(v) = 3*v**3 + 105*v**2 - 342*v + 32. What is the remainder when w/3*(0 - 6) is divided by d(-38)?
28
Let s(a) = -a**3 + 12*a**2 - 3*a - 19. Let t be -3 - (-5 - (1 + 2)). Calculate the remainder when s(t) is divided by 48.
45
Let h(j) = 5*j + 85. What is the remainder when (3/(-2))/(30/80) - -261 is divided by h(-4)?
62
Let n(s) = -3*s - 35. Let x be n(-14). Let f(z) = z**3 - 3*z**2 - 18*z + 9. Calculate the remainder when f(x) is divided by 15.
4
Suppose 4 = -2*l - 2, 0 = 4*t - 3*l - 185. Suppose -t = -4*o - 4*h + 320, -3*h = 5*o - 465. What is the remainder when o is divided by 33?
30
Let m = 5 + -2. Let b = -3102 + 3105. Suppose -2*v + u + 16 = -v, b*v - 66 = -m*u. What is the remainder when v is divided by 14?
5
Suppose 239*w - 1828 = 235*w. Suppose 0 = 9*n - w + 88. What is the remainder when n is divided by 22?
19
Let f(n) = 4*n**2 + 3 - 6*n**2 - 6*n + n**3 + 1. Let t = -609 + 613. Calculate the remainder when 46 is divided by f(t).
10
Let i(z) = -2*z**2 + 20*z + 17. Let s(y) = 2*y + 20. Let m be s(-2). Let n be i(m). Let l = n - -342. Calculate the remainder when l is divided by 43.
38
Let c(w) = w**3 + 32*w**2 + w + 41. Let z be c(-32). Calculate the remainder when 5360/180 - (-2)/z is divided by 10.
0
Suppose -141 + 1 = -35*q. Suppose 0 = 2*m - 6, 0 = 5*s + m + 3*m - 42. Let n = 8 - s. What is the remainder when q is divided by n?
0
Let m(r) = -r**3 + 38*r**2 + 11*r + 121. Suppose 2*g = -3*j + 112, -j + g = -2*g - 30. What is the remainder when m(38) is divided by j?
35
Let k(h) = 81*h**3 + h**2 + 2*h - 4. Let x be k(2). Suppose 0 = 3*v - x - 62. Suppose 0 = 10*s - 3*s - v. Calculate the remainder when s is divided by 7.
6
Let u(t) = -2*t - 14. Let v be (-16)/(-12)*-87*-1. Suppose 112 = 3*x + 2*d, 3*x - 3*d - v = -d. Calculate the remainder when x is divided by u(-17).
18
Let x = -204 + 224. Suppose o + 2*s + 0*s = -10, 5*s = -4*o - 34. What is the remainder when 74 is divided by ((o - 4)/x)/(1/(-14))?
4
Suppose -245 = -21*b + 112. Suppose -b*y = -330 - 44. What is the remainder when 175 is divided by y?
21
What is the remainder when 174 - (-23)/((-115)/(-70)) is divided by 32?
28
Suppose 79*u = -69*u - 134*u + 685824. Calculate the remainder when u is divided by 246.
218
Suppose -4*r + 188 = 5*h - 277, -r = 4*h - 119. What is the remainder when r is divided by 60?
55
Suppose 4*m = -113 + 669. Calculate the remainder when m is divided by 300/10 - 25 - -15.
19
Suppose 0 = 37*x + 13776 + 3281. Let u = 470 + x. Calculate the remainder when 16 is divided by u.
7
Let s = -5969 - -6275. Calculate the remainder when s is divided by 102.
0
Let n = -415 + 253. Let o = 175 + n. Calculate the remainder when 231 is divided by o.
10
Let d = 18463 - 18374. What is the remainder when 1333 is divided by d?
87
Let m(q) = 15*q**2 + 299*q - 6. What is the remainder when 750 is divided by m(-20)?
8
Suppose 5*s + 21 = 211. Calculate the remainder when 62 - (144/(-8) + 9) is divided by s.
33
Let y(h) be the second derivative of 5*h**3/6 + h**2/2 - 3*h. Suppose o = 12 - 5. Calculate the remainder when y(o) is divided by 14.
8
Let q(m) = 5*m + 4. Let f be 36/(-234) + (-134)/(-26). What is the remainder when 169 is divided by q(f)?
24
Let l(t) = 193*t - 3. Calculate the remainder when l(22) is divided by 8.
3
Suppose p + 16 = 14*z - 12*z, -54 = 5*p + 3*z. Let l be (-2)/1*(2 + 30/p). Calculate the remainder when 93 + -19 - 3*l is divided by 15.
11
Let k = 32 - 32. Let j = 5 - k. Suppose -j*p = -39 - 11. What is the remainder when 39 is divided by p?
9
Let r(p) = 31*p + 534. What is the remainder when 363 is divided by r(-17)?
6
What is the remainder when -189*(11/(77/14) - (-6)/(-2)) is divided by 153?
36
Suppose 0 = -x - 2*g - 2, g + 14 = 4*x - 2*g. Suppose x*l - 6*l = -4, -3*l + 183 = 2*i. What is the remainder when i is divided by 16/(-8)*31/(-2)?
28
Suppose -4*c - 16 = 0, 2*w + 2*c - 7*c = 448. Let l = w - 134. Calculate the remainder when l is divided by 41.
39
Let o(s) = s + 2*s**2 + 3 - s**3 + 2*s - 3*s + 0*s + s. Suppose -n = 2*a + 2*n + 8, 4*a - 12 = n. Calculate the remainder when o(a) is divided by 1.
0
Suppose 19*r - 17*r = 0. Let p(y) = y**3 + y**2 + 8. Let i(k) = -2*k**2 - 20*k - 4. What is the remainder when i(-3) is divided by p(r)?
6
Let t = -8149 + 8170. What is the remainder when 246 is divided by t?
15
Let v = -5304 - -5522. What is the remainder when v is divided by 170?
48
Let h(t) = -2*t**3 - 4*t**2 + 1409*t + 7089. Calculate the remainder when h(-5) is divided by ((-3)/4)/(1/(-52)).
38
Let h(d) = 164*d**3. Let g be h(-1). Let i = -111 - g. Suppose 0 = 4*p - 2*r - 34, 3*p + 2*r - 13 = 16. What is the remainder when i is divided by p?
8
Suppose 3*u + 3 = s - 6*s, 3*u + 3*s = 3. What is the remainder when 2/(-4) + (4 - (-286)/u) is divided by ((-2)/((-8)/(-39)))/(3/(-8))?
23
Suppose 2*i = -4*c + 593 + 311, -3*i = 5*c - 1132. Calculate the remainder when c is divided by 3.
2
Let z(b) = -5*b + 184. What is the remainder when z(-15) is divided by 20?
19
Let u(a) = 8*a**2 + 22*a - 138. Let h(y) = -y**2 + y + 2. Let z(s) = 10*h(s) + u(s). What is the remainder when 48 is divided by z(8)?
8
Let c be (-20)/10*(2 - 4). Suppose 0 = 4*j + 4*m - 608, -c*j - 177 + 780 = 5*m. Let a = -30 + 70. Calculate the remainder when j is divided by a.
37
Suppose -3*b = -3*n - 3384, 55*n - 4477 = -4*b + 52*n. What is the remainder when b is divided by 1123?
0
Suppose -106*f - 665 + 56 + 7181 = 0. What is the remainder when 940 is divided by f?
10
Suppose h - 1 = 3, 47 = 3*c - h. Suppose 33 = c*k - 14*k. Let g(q) = 3*q**2 - 4*q - 7. What is the remainder when g(4) is divided by k?
3
Let c(d) = -2*d**3 + 33*d**2 - 9*d - 58. Let x be c(13). Suppose 67*v - x = 11*v. What is the remainder when 34 is divided by v?
16
Suppose 0 = -63*i + 70*i - 35. Suppose 4*x - i*y - 253 = 0, -6*x + 4*x = y - 137. Calculate the remainder when x is divided by 23.
21
Let g = 16354 - 16327. Calculate the remainder when 5075 is divided by g.
26
Let a(u) = u**2 + 73*u + 1419. Let c = -25 - -320. What is the remainder when c is divided by a(-40)?
97
Let f(o) = -485 + 7*o + 158 + 164. What is the remainder when 91 is divided by f(26)?
15
Suppose -4*l - 2953 = -5*b + 3307, 3*b = -3*l + 3729. What is the remainder when b is divided by 10?
8
Let f(r) = 5*r**3 - 12*r**2 + 20*r - 6. What is the remainder when 178 is divided by f(3)?
16
Let x(w) = w**3 + 199*w**2 - 390*w + 2446. Calculate the remainder when x(-201) is divided by (-3)/(1/2*-3).
0
Let i = -9604 + 9728. Calculate the remainde